= 2*l + 4*k - 212, g*l - l = 5*k + 476. What are the prime factors of l?
2, 3, 19
Suppose 6*c = -4*l + c + 2912, 0 = 5*l - 2*c - 3673. Suppose -5*m - y = -l, 2*y + 2*y - 158 = -m. List the prime factors of m.
2, 73
Let k be 2/10 + 39/5. Let b = k - 3. Let y(q) = q**3 - 4*q**2 + 5*q - 5. List the prime factors of y(b).
3, 5
Let i(d) = 16*d**3 - d**2 + 2*d - 1. Let l(n) = 2*n**2 - 3*n - 4. Let r be l(3). Suppose 9*b - 4*b - r = 0. List the prime factors of i(b).
2
List the prime factors of (-2 - 2) + (1 - -2) + 303.
2, 151
Suppose -5*f = -1183 - 1832. List the prime factors of f.
3, 67
Let o be 0/(-20) + (-76 - -1). Let l be -3 + (-9)/(-6)*-34. Let c = l - o. List the prime factors of c.
3, 7
List the prime factors of 0 - (3 + -3 - 1 - 172).
173
Let s be (16/2)/((-5)/(-145)). Let w be s/20 + 4/10. What are the prime factors of 54/w*22/3?
3, 11
Let d(i) = -2*i**2 - 12*i + 4. Suppose 5*b + 29 + 16 = 0. Let u be d(b). Let z = u - -70. List the prime factors of z.
2, 5
Suppose 0*y = -y. Suppose -7*b + 60 + 206 = y. What are the prime factors of b?
2, 19
Suppose 9*x - 4*x = -2*a + 109, -3*x = -a + 60. Suppose -4*w = c + 12, c + c = 4*w. List the prime factors of (70/15 + c)*a.
2, 19
Let w(j) = 4*j**2 + 3*j + 359. What are the prime factors of w(-32)?
3, 1453
Let y(u) = -2*u - 15. Let p be y(-8). List the prime factors of 1/p*4*671/44.
61
Suppose -7 = -3*g + 2. Suppose -4*z + g = -37. Suppose -2*h = -3*o + z, 2 = -o + 2*o - h. What are the prime factors of o?
2, 3
Let z = 39 + -35. Suppose -4*g - p + 105 + 163 = 0, z*p - 67 = -g. What are the prime factors of g?
67
Let h be ((-126)/24 + 6)/(1/332). Let r = 380 - h. List the prime factors of r.
131
Suppose -8 + 6 = -f. Suppose 2*p - 3*p - f*z = -67, -201 = -3*p - 3*z. What are the prime factors of p?
67
Let o be (6/8)/(23/(-460)). Let r = 20 + o. What are the prime factors of r?
5
Let a(f) = 4*f**2 + 5*f + 16. Suppose 4*w + 5*t + 34 = 7, -3*t = 9. List the prime factors of a(w).
37
Let l(f) = 2*f + 3. Let b be l(1). Suppose i - 5 = -0*v + 3*v, -3*v = -b*i + 85. List the prime factors of i.
2, 5
Let b = 49 - 44. Suppose 80 = b*r - 0*r. What are the prime factors of r?
2
Let r(q) = 7*q**3 - 1 + 0 - 1 - 8*q**3 + 7*q**2. Suppose -d = -5*t + 21, 5*d - 16 = d. List the prime factors of r(t).
2, 3
Suppose -4*k + 1225 = v + 4*v, 2*k - 606 = 4*v. List the prime factors of k.
5, 61
Let z be (21/(-15) - -1)/((-9)/45). Suppose l + 3*l + 194 = z*b, -499 = -5*b - 4*l. What are the prime factors of b?
3, 11
Let b be (-8)/28 - (-48)/21. Let p(l) = 49 + 0*l - 35 + b*l. List the prime factors of p(-6).
2
Let p(d) = d**2 + 6*d - 10. Suppose -6*l = -l + 35. Let z be p(l). Let n = 28 + z. List the prime factors of n.
5
Let n(l) = l**3 + 16*l**2 + 2*l + 24. Let j be n(-16). What are the prime factors of 2384/14 - 6/(-168)*j?
2, 5, 17
Let f be ((-1)/2)/(1/(-2)). Suppose -5*t + 14 = -f. Suppose -t*j + 8*j - 115 = 4*a, -a = j - 14. List the prime factors of j.
19
Let w be -2 + 6 + (7 - 1). Suppose 0 = 2*x - w. Suppose 0 = -j + 4*n + 24, x*j - 189 = -0*n - 3*n. List the prime factors of j.
2, 3
Let f(n) = -n**3 + 15*n**2 - 12*n - 24. Let j be f(14). Suppose 7*g = j*a + 3*g - 808, a + g = 194. List the prime factors of a.
2, 3, 11
Suppose 15*k = 13*k. Let x = -8 - k. Let n = x + 10. What are the prime factors of n?
2
Let a be 27/2 + (-2)/4. Let o = a + -16. List the prime factors of (-97)/o - 18/(-27).
3, 11
Let h be 193/(-2)*(-7)/(28/8). Suppose 6*b + h = 943. What are the prime factors of b?
5
Let u(m) = 4*m**2 + 3*m + 7. What are the prime factors of u(5)?
2, 61
Suppose -7*b + 60 = -4*b. What are the prime factors of b?
2, 5
What are the prime factors of 188/4 - (-2 + -5)?
2, 3
Let l = -1619 + 4893. What are the prime factors of l?
2, 1637
Let z(u) = u**2 + 2*u - 4. Let m be z(2). Let g be (-1)/(m*4/80). Let r(x) = -2*x + 3. List the prime factors of r(g).
13
Suppose 2 = f, y + 3*f = -2*y + 54. Let r = 4 + y. List the prime factors of r.
2, 5
Let r(d) = -d**3 - d**2 - 6*d + 387. What are the prime factors of r(0)?
3, 43
Suppose 3*s - 201 = 60. Suppose -129 = -8*w + s. What are the prime factors of w?
3
Suppose -5*f = -6*f. Suppose a = -2*z + 499, f*a + 1242 = 5*z - 3*a. List the prime factors of z.
3, 83
Suppose -4*d - 116 = -8*d. Suppose 0 = -2*b + 5*u + d, 57 + 16 = 4*b - 5*u. What are the prime factors of b?
2, 11
Let w = -119 + 38. Let c = w - -145. List the prime factors of c.
2
Let c = -50 + 66. Let a = 28 + c. List the prime factors of a.
2, 11
Let j(t) be the first derivative of 5*t**3/3 - 7*t**2/2 - 15*t - 4. What are the prime factors of j(-5)?
5, 29
Let k = 41 - 34. Suppose 12*m - 440 = k*m. List the prime factors of m.
2, 11
Let j(r) = -42*r + 227. What are the prime factors of j(-21)?
1109
Suppose 2*f - 16 - 2 = 0. Let s be 2/(-3)*f/1. Let b = s - -11. What are the prime factors of b?
5
Let s = 13 + -18. Let t(p) = p**2 + 5*p + 2. Let o be t(s). Suppose 5 = -o*v + 25. List the prime factors of v.
2, 5
Let b = 12 + -3. Let g = 3 - b. Let f = g + 12. What are the prime factors of f?
2, 3
Suppose -5*x - 26 = -3*w, 4*x - 2*x + 12 = 2*w. What are the prime factors of (-17 - -22)/(2/w)?
5
Let m = 114 - 144. Suppose 0 = d + 2*u + 50, -3*u + 4*u - 1 = 0. Let l = m - d. What are the prime factors of l?
2, 11
Let c(d) = -8*d**2 - 5*d - 1. Let j(k) = -k**2 + k + 1. Let w(a) = -c(a) + 6*j(a). Let l = 2 + -7. List the prime factors of w(l).
2
Suppose -15 = 4*f + 13. Let l(z) = -7*z + 3. What are the prime factors of l(f)?
2, 13
Let c = 80 + -71. Suppose -2*a + c*a = 357. What are the prime factors of a?
3, 17
Suppose 0 = -21*a + 1863 + 18423. List the prime factors of a.
2, 3, 7, 23
Suppose -4*f + 0*f - 160 = 0. Let w be (-10)/(-8) + (-30)/f. Suppose -w*i = -94 + 32. List the prime factors of i.
31
Let d = 3407 + -1786. What are the prime factors of d?
1621
Let t(j) be the first derivative of j**4/4 + 4*j**3 - 3*j**2/2 + 5*j - 12. What are the prime factors of t(-12)?
41
Let v be 913/2 + ((-273)/(-14))/(-13). Suppose 0 = 11*d - 1987 - v. List the prime factors of d.
2, 3, 37
Suppose 134 = 2*t - 2*j, -t + 4*j = 7*j - 79. List the prime factors of t.
2, 5, 7
Let k(x) = 186*x + 7. List the prime factors of k(2).
379
What are the prime factors of (-30392)/(-13) + (-48)/(-312)?
2, 7, 167
Let i(n) = -808*n + 36. What are the prime factors of i(-4)?
2, 19, 43
Let n be ((175/(-15))/(-5))/((-2)/(-174)). List the prime factors of (-112)/(-6)*174/n.
2
Suppose 0 = -5*m - 2*x + 3759, m + 3015 = 5*m - x. What are the prime factors of m?
3, 251
Let s = -552 + 370. Let m = s - -260. List the prime factors of m.
2, 3, 13
Let x(u) = 3*u**3 + 5*u**2 + 13*u - 8. What are the prime factors of x(5)?
557
Let o(u) = 2*u**3 - 3*u**2 + 5*u - 3. Let x be o(2). Let w(p) = 3*p. List the prime factors of w(x).
3, 11
Let b be (-1)/3 + (-1180)/(-12). Let y be (2/(-5))/((-2)/710). Let s = y - b. List the prime factors of s.
2, 11
Let s(o) = -o. Let p be s(0). Suppose p = -4*q + 4*f + 76, -3*q + 2*f = 2*q - 86. Suppose a + 5 = q. List the prime factors of a.
11
Suppose 4*k + 16 + 20 = 0. Let s be (k/(-27))/(1/9). Let c(v) = v**3 + 5*v**2 - 4*v + 3. What are the prime factors of c(s)?
3, 7
Suppose r + 7608 = 5*h, -8 - 2 = -5*r. What are the prime factors of h?
2, 761
Suppose 471 = 2*v - 3*j, -4*v + 933 = 8*j - 11*j. List the prime factors of v.
3, 7, 11
What are the prime factors of (2570/20)/(2/56)?
2, 7, 257
Suppose -2*s = -5*c - 2, -3*c + 4*c = -4*s - 18. List the prime factors of (-81)/s*32/12.
2, 3
Let k = 330 - 136. Suppose 5*r - 96 = k. What are the prime factors of r?
2, 29
What are the prime factors of (615/10 + -10)*2?
103
Suppose -t + 572 = 2*t + 5*m, 2*t + 2*m = 380. List the prime factors of t.
3, 7
Let x(y) = 28*y - 166. List the prime factors of x(9).
2, 43
Let v(c) = -c**2 - 6*c + 10. Let n be v(-6). Suppose -5*b + n*b + 5 = 0. List the prime factors of (9 - -3)*5 + b.
59
Let w(b) = 9 - 4*b**3 + 7*b**2 + 12*b**2 + b - 24*b**2. List the prime factors of w(-3).
3, 23
Let x(y) = -y**3 - 3*y**2 + 2*y - 32. List the prime factors of x(-7).
2, 3, 5
Suppose 2*q - 3*n + 49 = 2*n, -q + 4*n = 32. Let d be q/5 + (-6)/(-15). Let w = d + 10. List the prime factors of w.
2
Suppose -286 = 3*i - 5*i. Suppose 0 = -9*v - 835 + 871. Suppose 23 = -v*k + i. Wh